mmon divisor of 676 and 1943708.
52
Calculate the highest common divisor of 24315362 and 326.
326
What is the greatest common divisor of 256 and 456608?
32
What is the greatest common factor of 2264 and 2560018?
566
What is the highest common divisor of 176 and 15954037?
11
What is the highest common divisor of 11935 and 477920366?
2387
Calculate the highest common factor of 6376 and 478.
2
Calculate the highest common divisor of 6386 and 1868246.
62
What is the highest common factor of 341 and 15642073?
31
Calculate the highest common factor of 41800 and 192456.
88
What is the greatest common factor of 123338348 and 140?
28
Calculate the greatest common factor of 57610095 and 1740.
435
Calculate the greatest common factor of 35933458 and 2486.
22
What is the greatest common divisor of 97 and 57966521?
97
What is the highest common divisor of 531 and 13427043?
177
Calculate the greatest common factor of 39298045 and 145.
145
What is the highest common factor of 58596 and 3564?
12
What is the highest common divisor of 2188512 and 2924?
68
What is the highest common factor of 12 and 4644685584?
12
Calculate the highest common divisor of 923202 and 19992.
714
What is the greatest common factor of 1020 and 14492910?
30
What is the greatest common factor of 24824 and 31112?
8
Calculate the highest common divisor of 7990 and 218332390.
470
What is the greatest common divisor of 1177347 and 3381?
69
Calculate the greatest common divisor of 2736 and 7186161.
57
What is the highest common divisor of 789729 and 550003?
67
What is the highest common factor of 190 and 5425165?
95
Calculate the greatest common factor of 27676259 and 294541.
2119
What is the highest common divisor of 66 and 5842518?
66
What is the highest common factor of 1260671 and 8?
1
Calculate the highest common divisor of 43155429 and 1902.
951
What is the greatest common factor of 14832 and 54383382?
1854
What is the greatest common factor of 16753 and 1298?
11
Calculate the greatest common factor of 22277322 and 5490.
1098
Calculate the highest common factor of 218234 and 344945.
19
What is the greatest common divisor of 4368 and 5829264?
336
Calculate the greatest common divisor of 3043812 and 102.
6
What is the greatest common factor of 244 and 1271804372?
244
Calculate the highest common divisor of 1364931 and 12193.
137
What is the highest common factor of 2986558475 and 58?
29
Calculate the greatest common factor of 2178 and 11750742.
18
Calculate the highest common divisor of 15899 and 7319.
13
What is the highest common divisor of 232421420 and 4070?
4070
Calculate the highest common factor of 143565960 and 81840.
3720
What is the greatest common divisor of 333109707 and 2583?
861
What is the highest common factor of 1117 and 17846309?
1117
Calculate the greatest common divisor of 42240 and 857280.
960
What is the highest common factor of 26680 and 19130480?
920
Calculate the highest common divisor of 344 and 35920222.
86
What is the greatest common factor of 4960825 and 3233?
61
What is the highest common divisor of 35 and 11670475?
5
What is the greatest common factor of 175 and 16000551?
7
What is the highest common divisor of 3060265 and 5663515?
5785
Calculate the greatest common divisor of 3297 and 2624883.
471
What is the greatest common divisor of 697 and 1969640?
41
Calculate the greatest common divisor of 486 and 395696340.
486
What is the greatest common divisor of 60 and 86422580?
20
Calculate the highest common divisor of 108528 and 3765840.
816
What is the greatest common factor of 1245321 and 14?
7
Calculate the highest common divisor of 702 and 239625594.
702
Calculate the greatest common divisor of 7205 and 286770.
55
What is the highest common divisor of 10192 and 8263801?
637
What is the greatest common factor of 113832640 and 200?
40
What is the greatest common factor of 538881582 and 643?
643
Calculate the greatest common factor of 231 and 56213451.
21
What is the greatest common divisor of 2132522 and 6118?
266
What is the greatest common factor of 1120 and 604480?
160
Calculate the highest common divisor of 9559 and 17611187.
121
What is the highest common divisor of 9160 and 1320872?
1832
What is the highest common divisor of 3169393 and 1199?
109
What is the greatest common divisor of 15316 and 22722?
14
Calculate the greatest common divisor of 1573 and 2559755.
121
Calculate the greatest common divisor of 78960 and 83020.
140
What is the highest common factor of 17590496 and 504?
56
What is the highest common factor of 16434 and 29250?
18
What is the highest common factor of 149932490 and 13120?
410
What is the highest common factor of 988 and 8247577?
247
Calculate the greatest common divisor of 17179100 and 111.
37
Calculate the greatest common factor of 6292 and 108699140.
484
Calculate the highest common divisor of 87920 and 797874.
2198
What is the greatest common factor of 113050 and 8510404?
4522
Calculate the highest common divisor of 61234 and 1638910.
3602
What is the highest common divisor of 4055052 and 5328?
444
What is the highest common factor of 82852 and 78079133?
2959
What is the highest common divisor of 1446 and 11975049?
723
Calculate the greatest common factor of 3730540 and 6.
2
What is the greatest common divisor of 9065 and 9653?
49
What is the highest common factor of 365095302 and 429?
429
What is the greatest common factor of 531513 and 262800?
657
Calculate the highest common divisor of 24 and 150013680.
24
Calculate the highest common factor of 49903971 and 7594.
3797
Calculate the greatest common factor of 190 and 9225982.
38
What is the greatest common factor of 104484 and 28?
4
Calculate the highest common divisor of 39 and 1825770791.
13
Calculate the greatest common factor of 36413 and 3848.
13
What is the greatest common divisor of 344 and 3127272?
8
What is the highest common divisor of 330192 and 78576?
48
Calculate the greatest common factor of 2708 and 3332194.
1354
Calculate the greatest common factor of 376598607 and 693.
231
Calculate the greatest common factor of 186975 and 27.
27
Calculate the highest common divisor of 224578769 and 107.
107
Calculate the highest common factor of 28767 and 3260706.
669
Calculate the highest common divisor of 99159697 and 30765.
2051
What is the highest common factor of 1510585 and 277765?
3805
What is the greatest common divisor of 16 and 22898728?
8
What is the highest common divisor of 352 and 434208?
32
What is the highest common divisor of 1185032 and 114423?
887
Calculate the highest common factor of 1345260 and 174300.
420
What is the greatest common divisor of 1025349 and 465049?
5603
Calculate the highest common divisor of 10 and 314945.
5
Calculate the greatest common divisor of 8155 and 13479050.
1165
Calculate the greatest common factor of 265 and 48732440.
265
Calculate the greatest common divisor of 20265 and 79516.
193
What is the highest common factor of 2600 and 4022525?
325
What is the highest common factor of 236 and 13036?
4
Calculate the greatest common factor of 224 and 1053704.
8
What is the greatest common factor of 2162489 and 21?
7
Calculate the greatest common factor of 1949994 and 6480.
162
Calculate the highest common divisor of 380357 and 164.
41
What is the highest common divisor of 41000 and 998500?
500
Calculate the greatest common factor of 6284922 and 14496.
906
What is the highest common divisor of 4309242 and 11263926?
16638
What is the highest common divisor of 6114230 and 1457?
47
Calculate the highest common factor of 672300 and 16650.
450
Calculate the greatest common factor of 346032 and 3448.
8
What is the greatest common factor of 43 and 30151987?
43
Calculate the highest common factor of 51948 and 7236.
108
What is the highest common divisor of 161791023 and 17?
17
What is the highest common divisor of 324696 and 16896?
24
What is the highest common factor of 26 and 1473904?
2
What is the highest common factor of 47798289 and 17181?
747
What is the highest common divisor of 2352 and 1065309?
147
Calculate the greatest common divisor of 22074162 and 2262.
174
What is the highest common divisor of 7612144 and 48?
16
Calculate the greatest common divisor of 11672 and 558797.
1459
What is the greatest common factor of 450 and 33